{"id":209,"date":"2022-12-28T19:55:10","date_gmt":"2022-12-28T22:55:10","guid":{"rendered":"https:\/\/redpronorte.cl\/sitio\/?page_id=209"},"modified":"2022-12-28T19:59:28","modified_gmt":"2022-12-28T22:59:28","slug":"preguntas-frecuentes","status":"publish","type":"page","link":"https:\/\/redpronorte.cl\/sitio\/preguntas-frecuentes\/","title":{"rendered":"Preguntas Frecuentes"},"content":{"rendered":"[vc_row padding_bottom=&#8221;5px&#8221;][vc_column][vc_column_text]Para resolver tus dudas sobre la Red Pro Norte, como acceder a sus beneficios o como inscribirte, busca en nuestra lista de preguntas frecuentes. Encontrar\u00e1s informaci\u00f3n clara y detallada sobre los tr\u00e1mites, procesos y beneficios de ser parte del portal.<\/p>\n<p>Tambi\u00e9n puedes comunicarte al n\u00famero +56 9 9308 1426 o al correo electr\u00f3nico redpronorte@industriales.cl. Asimismo, puedes dirigirte a las dependencias de la Asociaci\u00f3n de Industriales de Iquique, Vivar #1432, Iquique, donde el equipo de Red Pro Norte te entregar\u00e1 orientaci\u00f3n.[\/vc_column_text]<div class=\"vcex-module vcex-divider vcex-divider-solid wpex-max-w-100 wpex-mx-auto vcex-divider-has-icon wpex-flex wpex-items-center\" style=\"width:100%;margin-top:20px;margin-bottom:25px;\"><div class=\"vcex-divider-border wpex-flex-grow wpex-border-b wpex-border-solid wpex-border-main\" style=\"border-bottom-width:1px;\"><\/div><span class=\"vcex-divider-icon-span wpex-inline-flex wpex-justify-center wpex-items-center wpex-box-content wpex-inline-block wpex-text-center wpex-text-lg wpex-py-10 wpex-px-20\" style=\"font-size:21px;color:#1e73be;\"><span aria-hidden=\"true\" class=\"ticon ticon-rocket\"><\/span><\/span><div class=\"vcex-divider-border wpex-flex-grow wpex-border-b wpex-border-solid wpex-border-main\" style=\"border-bottom-width:1px;\"><\/div><\/div>[vc_toggle title=&#8221;\u00bfCu\u00e1les son los beneficios de Red Pro Norte para los proveedores?&#8221;]\n<ul>\n<li>Contar con mayor presencia en la b\u00fasqueda de proveedores, a trav\u00e9s de una base de datos centralizada y regional.<\/li>\n<li>Aumentar las oportunidades de negocios relacionadas con las distintas actividades que desarrolla la empresa.<\/li>\n<li>Ser parte de un ecosistema de empresas regionales, donde se encuentran las principales industrias, desde la gran miner\u00eda, empresas proveedoras de productos y servicios.<\/li>\n<li>Equipo t\u00e9cnico y especializado que validar\u00e1 la experiencia informada por la empresa.<\/li>\n<\/ul>\n[\/vc_toggle][vc_toggle title=&#8221;\u00bfC\u00f3mo apoya la AII a las empresas locales?&#8221;]La AII representa a las empresas regionales en el marco de la campa\u00f1a #YoContratoLocal, el cual busca promover la contrataci\u00f3n directa e indirecta de proveedores y capital humano especializados de la Regi\u00f3n de Tarapac\u00e1.<\/p>\n<p>Frente a ello, se busca aumentar la visibilidad de las empresas locales ante la industria minera, pesquera, comercial, entre otras. Asimismo, participar en los distintos requerimientos que presente el ecosistema alojado en la <strong>Red Pro Norte<\/strong>.[\/vc_toggle][vc_toggle title=&#8221;\u00bfQui\u00e9n puede participar en la Red Pro Norte?&#8221;]Todas las empresas con casa matriz en la Regi\u00f3n de Tarapac\u00e1 pueden participar. Para ello deben ingresar una serie de datos que permita conocer la empresa, donde el equipo de <strong>Red Pro Norte<\/strong> enviar\u00e1 una respuesta con un plazo m\u00e1ximo de 10 d\u00edas h\u00e1biles.[\/vc_toggle][vc_toggle title=&#8221;\u00bfC\u00f3mo solicito la incorporaci\u00f3n en la Red Pro Norte?&#8221;]Para ser parte de la Red Pro Norte deber\u00e1 enviar el formulario de incorporaci\u00f3n que est\u00e1 en la p\u00e1gina web.<\/p>\n<p>El equipo de Red Pro Norte enviar\u00e1 respuesta en un plazo m\u00e1ximo de 10 d\u00edas h\u00e1biles.[\/vc_toggle][vc_toggle title=&#8221;Una vez aceptada la solicitud, \u00bfc\u00f3mo creo el perfil del proveedor en la Red Pro Norte?&#8221;]La AII representa a las empresas regionales en el marco de la campa\u00f1a #YoContratoLocal, el cual busca promover la contrataci\u00f3n directa e indirecta de proveedores y capital humano especializados de la Regi\u00f3n de Tarapac\u00e1.<\/p>\n<p>Una vez aceptada la solicitud, se debe ingresar al portal con la clave y el usuario entregado por el equipo a cargo de la administraci\u00f3n del Portal de Proveedores. Uno de los primeros pasos es cambiar la clave por una m\u00e1s segura, la cual debe considerar caracteres, n\u00fameros y s\u00edmbolos. Posterior a este paso, se debe completar los campos requeridos en el men\u00fa del Perfil de la Empresa, entres estos se incluye: Datos de Empresa, Servicios, Dependencias, Contactos, Colaboradores, Documentos, Certificados, Tecnolog\u00eda e Instrumentos de Financiamiento utilizados por la empresa.[\/vc_toggle][vc_toggle title=&#8221;\u00bfSe requiere presentar alguna documentaci\u00f3n para la creaci\u00f3n del perfil como proveedor?&#8221;]Todos los servicios que se\u00f1ala la empresa al momento de registrarse, deben ser acompa\u00f1adas con certificados y\/o documentos que respalden la experiencia. Esta informaci\u00f3n no es obligatoria de presentar, pero aquellos proveedores que lo realicen y se valide su experiencia podr\u00e1n mejorar su posicionamiento en los motores de b\u00fasqueda.[\/vc_toggle][vc_toggle title=&#8221;\u00bfSi soy de otra regi\u00f3n, puedo registrarme como proveedor?&#8221;]El registro de proveedores tiene un car\u00e1cter regional, por lo que aquellas empresas con casa matriz ubicada en la regi\u00f3n podr\u00e1n registrarse en la Red Pro Norte.[\/vc_toggle][vc_toggle title=&#8221;\u00bfHay alg\u00fan costo asociado al formar parte de la Red Pro Norte?&#8221;]El registro de proveedores no presenta ning\u00fan costo asociado para la empresa.[\/vc_toggle][\/vc_column][\/vc_row]\n","protected":false},"excerpt":{"rendered":"<p>[vc_row padding_bottom=&#8221;5px&#8221;][vc_column][vc_column_text]Para resolver tus dudas sobre la Red Pro Norte, como acceder a sus beneficios o como inscribirte, busca en nuestra lista de preguntas frecuentes. Encontrar\u00e1s informaci\u00f3n clara y detallada sobre los tr\u00e1mites, procesos y beneficios de ser parte del portal. Tambi\u00e9n puedes comunicarte al n\u00famero +56 9 9308 1426 o al correo electr\u00f3nico redpronorte@industriales.cl.&hellip;<\/p>\n","protected":false},"author":3,"featured_media":0,"parent":0,"menu_order":0,"comment_status":"closed","ping_status":"closed","template":"","meta":{"footnotes":""},"class_list":["post-209","page","type-page","status-publish","hentry","entry","no-media"],"_links":{"self":[{"href":"https:\/\/redpronorte.cl\/sitio\/wp-json\/wp\/v2\/pages\/209","targetHints":{"allow":["GET"]}}],"collection":[{"href":"https:\/\/redpronorte.cl\/sitio\/wp-json\/wp\/v2\/pages"}],"about":[{"href":"https:\/\/redpronorte.cl\/sitio\/wp-json\/wp\/v2\/types\/page"}],"author":[{"embeddable":true,"href":"https:\/\/redpronorte.cl\/sitio\/wp-json\/wp\/v2\/users\/3"}],"replies":[{"embeddable":true,"href":"https:\/\/redpronorte.cl\/sitio\/wp-json\/wp\/v2\/comments?post=209"}],"version-history":[{"count":2,"href":"https:\/\/redpronorte.cl\/sitio\/wp-json\/wp\/v2\/pages\/209\/revisions"}],"predecessor-version":[{"id":211,"href":"https:\/\/redpronorte.cl\/sitio\/wp-json\/wp\/v2\/pages\/209\/revisions\/211"}],"wp:attachment":[{"href":"https:\/\/redpronorte.cl\/sitio\/wp-json\/wp\/v2\/media?parent=209"}],"curies":[{"name":"wp","href":"https:\/\/api.w.org\/{rel}","templated":true}]}}